+ w)/(1 - 2). List the prime factors of 12 + 4/(3 - n).
2, 7
Suppose 10*n - 14*n + 724 = 0. List the prime factors of n.
181
Let w = -1766 + 5887. What are the prime factors of w?
13, 317
Let n be 0 + (-82)/4 + (-8)/16. List the prime factors of (1 - 1 - -1)/(n/(-3339)).
3, 53
Suppose 4*l + 138 = -2*j - l, -j = 3*l + 70. Suppose -162*i + 142*i - 2220 = 0. Let n = j - i. List the prime factors of n.
47
Suppose 5*x = -413 + 113. Suppose 5*z = 269 + 211. Let a = x + z. What are the prime factors of a?
2, 3
Suppose 0*d - 2*d = d. Suppose -41*g + 43*g - 296 = d. What are the prime factors of g?
2, 37
Suppose 0 = -4*a + 8 + 4. Suppose 2*h - 4 = 0, 112 - 368 = -a*z + 4*h. Suppose -4*f + z = -16. List the prime factors of f.
2, 13
Let b be 0 - (4 + -2 + -2). Suppose b = 4*m + m + 20. List the prime factors of m/(-10)*95/1.
2, 19
Suppose 2*l - 5090 = 5*p, 5*l = 2*p + 3428 + 9255. List the prime factors of l.
3, 5, 13
Suppose -2*w + 1412 = 4*l, 5*l + 2*w = 1928 - 162. Suppose 3*y = 4*u - 5*u + l, -4*u + 583 = 5*y. What are the prime factors of y?
7, 17
Let b = 709 + -368. What are the prime factors of b?
11, 31
Let c be 3/2 + 12/8. Suppose -4*k + 2*h + 110 = 0, 3 = -c*h - 0. Let m = -14 + k. List the prime factors of m.
13
List the prime factors of 127302/315 + (-8)/60.
2, 101
Let a = -185 + 245. Suppose -v - 3 = -9. List the prime factors of 2196/a - v/10.
2, 3
What are the prime factors of (12913/(-148))/((-2)/8)?
349
Let j(k) = 35*k - 23. Let w(r) = 69*r - 45. Let q(t) = -5*j(t) + 2*w(t). List the prime factors of q(-4).
173
List the prime factors of (3 + 49/(-21))*2868.
2, 239
Let m = -22 - -26. Suppose -c + 4*c - 199 = -5*l, -m*l + 203 = 3*c. List the prime factors of c.
73
Suppose 3*g = 4*s + 29, 0 = 3*s - 2*s + 5. Suppose g*k - k - 82 = 0. What are the prime factors of k?
41
Let r(g) = 93*g - 67. What are the prime factors of r(7)?
2, 73
Let z be (-2)/17 + (-8070)/(-102). Let v = 135 - z. What are the prime factors of v?
2, 7
Suppose 2*o - 5*o + 6 = 0. Let n be 23/5 - 6/10. Suppose 2*r + 24 = j, 90 = 4*j + o*r - n*r. List the prime factors of j.
2, 11
Let t be -40 - (2 - (-2 + 3)). Let u = t - -8. Let h = u + 72. What are the prime factors of h?
3, 13
Let y be ((-1)/2)/(-3 - (-275)/90). What are the prime factors of ((-3)/(-3))/(y/(-2466))?
2, 137
Suppose 3*n + 2*l = 87, -3*l - 5 - 4 = 0. Let a = n - 0. What are the prime factors of a?
31
Let g(i) = 4*i**3 - i**2 - 15*i + 2. Let c be g(4). Suppose -4*k + m + c = 62, 0 = -m + 4. What are the prime factors of k?
31
Let l(i) = -10*i - 13. Let f be l(-8). Suppose -4*v + 409 = -f. List the prime factors of v.
7, 17
Let o(k) = k + 4. Let n be o(4). Suppose 0 = -4*u - 5*t + 442, -n*t - 98 = -u - 3*t. List the prime factors of u.
2, 3
Let i = -4056 + 7479. List the prime factors of i.
3, 7, 163
Suppose -5*j = 5 - 20. Suppose -u = j*u + 228. Let n = u - -119. What are the prime factors of n?
2, 31
Suppose d + 947 = -4*d - v, d = -v - 187. What are the prime factors of d/5*3/(-2)?
3, 19
Suppose -l - 31 = 5*s, -5*l - 1 = -2*s + 5*s. Let c = 10 - s. What are the prime factors of c?
17
Let z(q) = q**2 - 6*q + 8. Let g be z(4). Suppose g = 7*x - 5*x - 284. What are the prime factors of x?
2, 71
Let m(l) = 312*l - 161*l - 161*l + 2*l**2 + 45. List the prime factors of m(13).
11, 23
Suppose -8 = -11*i + 9*i. Suppose -2*p - 11 = 2*k + 1, 0 = i*p + 20. Let q(v) = 29*v**2 - v - 1. What are the prime factors of q(k)?
29
Let y(v) = 3 + 2*v + 17 + v**3 - 2*v**2 + 19*v**2 + 0*v**3. List the prime factors of y(-16).
2, 61
Let s be ((-3)/6)/((-2)/44). Suppose -3*a = -5*o - 13 - s, -5*o = -4*a + 27. Suppose -115 = -3*f + n, 0*f + a*n + 72 = 2*f. List the prime factors of f.
3, 13
Let b(y) = 22*y - 42. What are the prime factors of b(5)?
2, 17
Let b = 1 + 2. Suppose -5*q = b*u + 2*u - 40, 2*q - u = 13. Let j = 17 - q. List the prime factors of j.
2, 5
Suppose m = -q - 831 + 2580, 0 = 3*m + 2*q - 5251. What are the prime factors of m?
1753
Suppose 0 = -8*z + 11*z - 3*u - 576, 5*u = -2*z + 370. List the prime factors of z.
2, 5, 19
Let m(a) = 4*a**2 + 2. Let f be m(-3). Suppose -4*r - 10 = 4*v - f, r = -5*v + 23. What are the prime factors of v?
2
What are the prime factors of ((-12)/16)/(57813/11564 + -5)?
3, 7, 59
Let r(q) = q + 5. Let f be r(-6). What are the prime factors of (f - -16) + -2 + -2 + 3?
2, 7
Suppose 4*l = -3*l + 28. Let a = 21 - l. What are the prime factors of a?
17
Let w(v) = -v**2 - 8*v. Let l be w(-6). Let p(x) = x**2 + 3*x - 1. List the prime factors of p(l).
179
Suppose 44*a = 49*a - 4525. List the prime factors of a.
5, 181
Suppose -2*n - 3*n + 185 = 3*k, 239 = 4*k - n. Suppose g = 5*g - k. What are the prime factors of g?
3, 5
Let a(p) = 5*p**2 - 13*p - 3. List the prime factors of a(-7).
3, 37
Let o(d) = -5*d**3 - 40*d**2 - 5*d + 20. What are the prime factors of o(-10)?
2, 5, 107
Suppose -4*g + 3*t - 7*t = -20, 0 = 3*g - t - 15. List the prime factors of (3 + 122 - g)*(-2)/(-5).
2, 3
Suppose -3*g + 8*g - 3*p = 2104, 0 = g - 4*p - 431. Suppose 4*j - g = 45. List the prime factors of j.
2, 29
Suppose 26*y - 134 = 24*y. Let f = y - -90. What are the prime factors of f?
157
Let u = 4174 + -1901. List the prime factors of u.
2273
Let z be -3 - -2 - (0 + -1). Suppose z = -3*v + 8*v - 380. List the prime factors of v.
2, 19
Suppose -4*n = -t + 3*t + 4, -34 = 5*t + 4*n. List the prime factors of (t/(-4)*-1)/(2/(-284)).
5, 71
Let j(v) be the first derivative of 57*v**2/2 - 3. What are the prime factors of j(2)?
2, 3, 19
Let c = 578 - 25. List the prime factors of c.
7, 79
Let t(g) = -g + 3. Suppose 0 = 7*h - 3*h + 4. Let c be ((6 - 2)*3)/h. What are the prime factors of t(c)?
3, 5
Let q be 10/1*(-1)/(-2). Let i = 676 - 471. Suppose q*v - 4*r - i = 0, 6*v - 5*r - 205 = v. What are the prime factors of v?
41
Suppose 0*t + 16 = 4*t. Suppose 3*d - 293 = t*f, 3*f - 289 = -3*d + 8*f. List the prime factors of d.
103
Let x be (5 - 4)*(-43 - 1). Let s = 74 + x. What are the prime factors of s?
2, 3, 5
Let o = 29 + -24. Suppose -28 = -5*k + k - 3*b, -k = o*b - 7. What are the prime factors of 3/k - 1645/(-49)?
2, 17
Let a(q) = 2*q**3. Let f be a(1). Suppose 5*l - 15 = 0, -3*j + 3*l - 10 = -7. What are the prime factors of 22 - (j + -4) - f?
2, 11
Suppose 5*z - 5*r = -268 + 7148, 5*z - 4*r - 6885 = 0. List the prime factors of z.
1381
Let p be (-2)/11 - (-101)/11. Let l(z) = -z**2 + 9*z + 2. Let a be l(p). Suppose k - 14 = -a. What are the prime factors of k?
2, 3
Suppose s + 4*g = -17, -s + g = -3*s + 1. Let m be (5/(-5))/((-1)/s). Suppose -179 = -m*c + 37. What are the prime factors of c?
2, 3
Suppose 33*u - 18873 - 24489 = 0. What are the prime factors of u?
2, 3, 73
Let m be 2/((-1)/(-3) - 1) - -5. Suppose -117 = -2*g - 3*y, 0 = -g - m*y - 3*y + 76. List the prime factors of g.
3, 17
Suppose -9*c = -15*c + 222. Suppose -3*n = -2*n - c. List the prime factors of n.
37
Let c(y) = -17*y + 4. Let h(u) = -52*u + 11. Let w(v) = 7*c(v) - 2*h(v). Let z be w(-3). Suppose -z - 209 = -5*i. What are the prime factors of i?
2, 13
Suppose 2*u = 2*w - 2, 1 = w - 0*u + u. Suppose -g + w = -4. Suppose 0 = -a - g*t + 21, -5*t = -5*a + a + 34. What are the prime factors of a?
11
Let u be (-4 - -5)*-41*2. List the prime factors of u/5*(-6 + 1).
2, 41
Suppose -2*c - 3*k = -18 + 3, -2*c + 5*k = -23. Suppose 3*i - j + 2*j = 5, -4*i - 5*j = 8. Let z = c - i. What are the prime factors of z?
2, 3
List the prime factors of (-290 + -31)/(1/(-8)).
2, 3, 107
Let w be (2/4)/(4/24). Suppose -68 = -w*o + 19. Let u = o - 12. What are the prime factors of u?
17
Suppose 6 + 3 = 5*r - 2*g, 0 = 5*r + 4*g - 27. Suppose 5*x - 420 = r*b, 4*x + 106 = 5*x - 5*b. What are the prime factors of x?
3
Let r = 8 + -5. Let s(w) = 3*w**3 + 2*w + 25. Let f(k) = -4*k**3 - 3*k - 26. Let t(l) = r*s(l) + 2*f(l). List the prime factors of t(0).
23
Suppose 0 = -16*x + 19*x - 384. What are the prime factors of x?
2
Suppose -4*m = -3*a - 3001, -5*m + 2342 = 2*a - 1438. List the prime factors of m.
2, 13, 29
Let u(t) = -4*t + 22. Let c be u(5). Let r be (-2)/(-10) - 378/(-10). Suppose 2*n = -c*p - 3*n + r, 3*p + 5*n - 62 = 0. List the prime factors of p.
2, 3
Let d(w) = w**3 + 13*w**2 + 6*w - 20. List the prime factors of d(-12).
2, 13
Suppose -3*w + 3*h = -9, 0*h + 